{"id":1707,"date":"2024-03-26T15:31:27","date_gmt":"2024-03-26T15:31:27","guid":{"rendered":"https:\/\/xtremebike.com.do\/?post_type=product&#038;p=1707"},"modified":"2024-03-26T20:07:53","modified_gmt":"2024-03-26T20:07:53","slug":"rs1-3-5","status":"publish","type":"product","link":"https:\/\/xtremebike.com.do\/?product=rs1-3-5","title":{"rendered":"RS1 3.5"},"content":{"rendered":"<div class=\"page\" title=\"Page 2\">\n<div class=\"section\">\n<div class=\"layoutArea\">\n<div class=\"column\">\n<p>\u2022 RS1 Disc ACR Monocoque, PC Layup,<\/p>\n<p>\u2022 RS1 Disc Full Integrated Tapeder,<\/p>\n<p>\u2022 Full Carbon 1.5<\/p>\n<p>\u2022 Shimano 105 DI2 Hydra,<\/p>\n<p>\u2022 Shimano 105 DI2, CASSETTE Shimano 105 11\/34,<\/p>\n<p>\u2022 Frenos Shimano 105 hydraulic,<\/p>\n<p>\u2022 Tija RS1 Aero,<\/p>\n<p>\u2022 Aros Vision Team35.<\/p>\n<\/div>\n<\/div>\n<\/div>\n<\/div>\n","protected":false},"excerpt":{"rendered":"<p>En cada una de tus pedaladas luchas contra el viento. Una batalla que ahora dejas de sufrir para pasar a disfrutar. Solo los ciclistas conocemos esa sensaci\u00f3n de rendimiento, poder\u00edo y eficacia que logramos cuando f\u00edsico y material trabajan al 100%. La adicci\u00f3n a la velocidad.<\/p>\n","protected":false},"featured_media":1704,"comment_status":"open","ping_status":"closed","template":"","meta":[],"product_cat":[58,40],"product_tag":[],"class_list":{"0":"post-1707","1":"product","2":"type-product","3":"status-publish","4":"has-post-thumbnail","6":"product_cat-bicicletas","7":"product_cat-carretera","9":"first","10":"instock","11":"featured","12":"shipping-taxable","13":"purchasable","14":"product-type-simple"},"_links":{"self":[{"href":"https:\/\/xtremebike.com.do\/index.php?rest_route=\/wp\/v2\/product\/1707","targetHints":{"allow":["GET"]}}],"collection":[{"href":"https:\/\/xtremebike.com.do\/index.php?rest_route=\/wp\/v2\/product"}],"about":[{"href":"https:\/\/xtremebike.com.do\/index.php?rest_route=\/wp\/v2\/types\/product"}],"replies":[{"embeddable":true,"href":"https:\/\/xtremebike.com.do\/index.php?rest_route=%2Fwp%2Fv2%2Fcomments&post=1707"}],"wp:featuredmedia":[{"embeddable":true,"href":"https:\/\/xtremebike.com.do\/index.php?rest_route=\/wp\/v2\/media\/1704"}],"wp:attachment":[{"href":"https:\/\/xtremebike.com.do\/index.php?rest_route=%2Fwp%2Fv2%2Fmedia&parent=1707"}],"wp:term":[{"taxonomy":"product_cat","embeddable":true,"href":"https:\/\/xtremebike.com.do\/index.php?rest_route=%2Fwp%2Fv2%2Fproduct_cat&post=1707"},{"taxonomy":"product_tag","embeddable":true,"href":"https:\/\/xtremebike.com.do\/index.php?rest_route=%2Fwp%2Fv2%2Fproduct_tag&post=1707"}],"curies":[{"name":"wp","href":"https:\/\/api.w.org\/{rel}","templated":true}]}}